12?
10
What is the remainder when 564 is divided by 9?
6
Calculate the remainder when 4199 is divided by 117.
104
Calculate the remainder when 93 is divided by 16.
13
What is the remainder when 38 is divided by 16?
6
Calculate the remainder when 121 is divided by 31.
28
What is the remainder when 96 is divided by 52?
44
What is the remainder when 132 is divided by 19?
18
Calculate the remainder when 228 is divided by 79.
70
What is the remainder when 1015 is divided by 51?
46
Calculate the remainder when 718 is divided by 144.
142
Calculate the remainder when 154 is divided by 31.
30
Calculate the remainder when 2565 is divided by 107.
104
What is the remainder when 83 is divided by 16?
3
Calculate the remainder when 75 is divided by 7.
5
What is the remainder when 6395 is divided by 194?
187
Calculate the remainder when 1477 is divided by 87.
85
Calculate the remainder when 46 is divided by 1.
0
Calculate the remainder when 537 is divided by 177.
6
What is the remainder when 974 is divided by 234?
38
Calculate the remainder when 4315 is divided by 18.
13
Calculate the remainder when 57 is divided by 20.
17
Calculate the remainder when 329 is divided by 69.
53
What is the remainder when 1297 is divided by 25?
22
What is the remainder when 2265 is divided by 103?
102
Calculate the remainder when 147 is divided by 6.
3
What is the remainder when 1187 is divided by 27?
26
Calculate the remainder when 126 is divided by 32.
30
Calculate the remainder when 162 is divided by 35.
22
What is the remainder when 4184 is divided by 182?
180
Calculate the remainder when 866 is divided by 206.
42
What is the remainder when 115 is divided by 73?
42
Calculate the remainder when 165 is divided by 34.
29
Calculate the remainder when 839 is divided by 233.
140
What is the remainder when 134 is divided by 62?
10
What is the remainder when 2839 is divided by 18?
13
What is the remainder when 467 is divided by 5?
2
Calculate the remainder when 157 is divided by 20.
17
Calculate the remainder when 437 is divided by 89.
81
Calculate the remainder when 949 is divided by 95.
94
Calculate the remainder when 869 is divided by 50.
19
Calculate the remainder when 360 is divided by 128.
104
What is the remainder when 19 is divided by 5?
4
Calculate the remainder when 159 is divided by 56.
47
Calculate the remainder when 555 is divided by 29.
4
Calculate the remainder when 17097 is divided by 206.
205
What is the remainder when 295 is divided by 56?
15
What is the remainder when 245 is divided by 65?
50
Calculate the remainder when 54 is divided by 18.
0
Calculate the remainder when 472 is divided by 167.
138
Calculate the remainder when 686 is divided by 676.
10
Calculate the remainder when 4696 is divided by 50.
46
Calculate the remainder when 310 is divided by 239.
71
What is the remainder when 125 is divided by 8?
5
What is the remainder when 3911 is divided by 30?
11
Calculate the remainder when 11639 is divided by 15.
14
Calculate the remainder when 8 is divided by 5.
3
What is the remainder when 198 is divided by 71?
56
Calculate the remainder when 57 is divided by 37.
20
Calculate the remainder when 30 is divided by 3.
0
What is the remainder when 90 is divided by 46?
44
What is the remainder when 7575 is divided by 17?
10
Calculate the remainder when 275 is divided by 48.
35
Calculate the remainder when 235 is divided by 29.
3
What is the remainder when 373 is divided by 18?
13
What is the remainder when 1445 is divided by 331?
121
Calculate the remainder when 111 is divided by 37.
0
Calculate the remainder when 479 is divided by 17.
3
Calculate the remainder when 67 is divided by 22.
1
Calculate the remainder when 233 is divided by 35.
23
What is the remainder when 159 is divided by 14?
5
Calculate the remainder when 1503 is divided by 3.
0
What is the remainder when 20007 is divided by 164?
163
Calculate the remainder when 256 is divided by 34.
18
Calculate the remainder when 300 is divided by 103.
94
What is the remainder when 45 is divided by 6?
3
What is the remainder when 282 is divided by 71?
69
Calculate the remainder when 42 is divided by 5.
2
What is the remainder when 1385 is divided by 18?
17
Calculate the remainder when 445 is divided by 49.
4
Calculate the remainder when 1687 is divided by 134.
79
What is the remainder when 642 is divided by 23?
21
What is the remainder when 2337 is divided by 2330?
7
What is the remainder when 1 is divided by 1?
0
What is the remainder when 1860 is divided by 69?
66
What is the remainder when 6739 is divided by 10?
9
Calculate the remainder when 1546 is divided by 23.
5
Calculate the remainder when 361 is divided by 97.
70
What is the remainder when 848 is divided by 10?
8
Calculate the remainder when 506 is divided by 127.
125
What is the remainder when 54 is divided by 4?
2
Calculate the remainder when 43 is divided by 30.
13
What is the remainder when 148 is divided by 135?
13
What is the remainder when 385 is divided by 123?
16
What is the remainder when 247 is divided by 34?
9
What is the remainder when 355 is divided by 114?
13
What is the remainder when 99 is divided by 20?
19
Calculate the remainder when 558 is divided by 51.
48
What is the remainder when 219 is divided by 32?
27
What is the remainder when 9 is divided by 4?
1
What is the remainder when 85 is divided by 44?
41
What is the remainder when 50 is divided by 15?
5
What is the remainder when 681 is divided by 194?
99
What is the remainder when 141 is divided by 75?
66
What is the remainder when 355 is divided by 21?
19
Calculate the remainder when 137 is divided by 87.
50
Calculate the remainder when 258 is divided by 76.
30
Calculate the remainder when 1226 is divided by 246.
242
What is the remainder when 1607 is divided by 45?
32
Calculate the remainder when 1535 is divided by 317.
267
What is the remainder when 1726 is divided by 37?
24
What is the remainder when 70 is divided by 12?
10
What is the remainder when 443 is divided by 5?
3
What is the remainder when 210 is divided by 45?
30
Calculate the remainder when 177 is divided by 83.
11
Calculate the remainder when 501 is divided by 36.
33
What is the remainder when 252 is divided by 121?
10
What is the remainder when 1220 is divided by 35?
30
What is the remainder when 276 is divided by 28?
24
What is the remainder when 2906 is divided by 26?
20
Calculate the remainder when 139 is divided by 30.
19
What is the remainder when 206 is divided by 10?
6
Calculate the remainder when 1515 is divided by 412.
279
Calculate the remainder when 731 is divided by 61.
60
Calculate the remainder when 326 is divided by 58.
36
Calculate the remainder when 956 is divided by 68.
4
What is the remainder when 2152 is divided by 144?
136
What is the remainder when 90 is divided by 19?
14
What is the remainder when 3508 is divided by 6?
4
What is the remainder when 48 is divided by 13?
9
Calculate the remainder when 15 is divided by 10.
5
What is the remainder when 49 is divided by 36?
13
What is the remainder when 188 is divided by 44?
12
Calculate the remainder when 9781 is divided by 67.
66
What is the remainder when 582 is divided by 279?
24
Calculate the remainder when 121 is divided by 14.
9
Calculate the remainder when 471 is divided by 70.
51
Calculate the remainder when 3016 is divided by 53.
48
Calculate the remainder when 102 is divided by 28.
18
Calculate the remainder when 291 is divided by 102.
87
What is the remainder when 2990 is divided by 176?
174
What is the remainder when 2626 is divided by 327?
10
Calculate the remainder when 188 is divided by 15.
8
Calculate the remainder when 20 is divided by 6.
2
What is the remainder when 10917 is divided by 182?
179
What is the remainder when 287 is divided by 9?
8
What is the remainder when 1425 is divided by 102?
99
Calculate the remainder when 114 is divided by 32.
18
Calculate the remainder when 729 is divided by 31.
16
Calculate the remainder when 1868 is divided by 167.
31
Calculate the remainder when 938 is divided by 310.
8
Calculate the remainder when 215 is divided by 31.
29
Calculate the remainder when 50 is divided by 27.
23
What is the remainder when 576 is divided by 45?
36
What is the remainder when 538 is divided by 262?
14
Calculate 